{"id":6475,"date":"2022-04-06T11:26:09","date_gmt":"2022-04-06T09:26:09","guid":{"rendered":"https:\/\/www.route-romane.com\/verein\/"},"modified":"2025-01-22T17:36:57","modified_gmt":"2025-01-22T16:36:57","slug":"verein","status":"publish","type":"page","link":"https:\/\/www.route-romane.com\/de\/verein\/","title":{"rendered":"Verein"},"content":{"rendered":"<p>[et_pb_section fb_built=&#8220;1&#8243; admin_label=&#8220;Hero Section&#8220; _builder_version=&#8220;4.16&#8243; use_background_color_gradient=&#8220;on&#8220; background_color_gradient_stops=&#8220;#000000 0%|rgba(0,0,0,0) 100%&#8220; background_color_gradient_overlays_image=&#8220;on&#8220; background_color_gradient_start=&#8220;#000000&#8243; background_color_gradient_end=&#8220;rgba(0,0,0,0)&#8220; background_image=&#8220;https:\/\/www.route-romane.com\/Site\/wp-content\/uploads\/2022\/04\/Ottmarsheim-banniere-scaled.jpg&#8220; custom_margin=&#8220;|||&#8220; custom_padding=&#8220;5%||5%|||&#8220; animation_style=&#8220;fade&#8220; global_colors_info=&#8220;{}&#8220;][et_pb_row _builder_version=&#8220;4.16&#8243; global_colors_info=&#8220;{}&#8220;][et_pb_column type=&#8220;4_4&#8243; _builder_version=&#8220;4.16&#8243; custom_padding=&#8220;|||&#8220; global_colors_info=&#8220;{}&#8220; custom_padding__hover=&#8220;|||&#8220;][et_pb_text _builder_version=&#8220;4.16&#8243; text_font=&#8220;||||||||&#8220; text_font_size=&#8220;20px&#8220; text_line_height=&#8220;1.8em&#8220; header_font=&#8220;Nunito||||||||&#8220; header_font_size=&#8220;70px&#8220; header_line_height=&#8220;1.1em&#8220; header_2_font=&#8220;||||||||&#8220; text_orientation=&#8220;center&#8220; background_layout=&#8220;dark&#8220; module_alignment=&#8220;center&#8220; header_font_size_tablet=&#8220;&#8220; header_font_size_phone=&#8220;48px&#8220; header_font_size_last_edited=&#8220;on|phone&#8220; global_colors_info=&#8220;{}&#8220;]<\/p>\n<h1>Unser Verein<\/h1>\n<p>[\/et_pb_text][\/et_pb_column][\/et_pb_row][\/et_pb_section][et_pb_section fb_built=&#8220;1&#8243; module_id=&#8220;Karte&#8220; _builder_version=&#8220;4.16&#8243; _module_preset=&#8220;default&#8220; background_color=&#8220;#f7f7f7&#8243; global_colors_info=&#8220;{}&#8220;][et_pb_row column_structure=&#8220;2_3,1_3&#8243; _builder_version=&#8220;4.16&#8243; _module_preset=&#8220;default&#8220; global_colors_info=&#8220;{}&#8220;][et_pb_column type=&#8220;2_3&#8243; _builder_version=&#8220;4.16&#8243; _module_preset=&#8220;default&#8220; global_colors_info=&#8220;{}&#8220;][et_pb_text admin_label=&#8220;Title&#8220; _builder_version=&#8220;4.16&#8243; text_font=&#8220;||||||||&#8220; text_text_color=&#8220;#000000&#8243; text_line_height=&#8220;1.1em&#8220; header_font=&#8220;||||||||&#8220; header_2_font=&#8220;Nunito|600|||||||&#8220; header_2_text_align=&#8220;left&#8220; header_2_text_color=&#8220;#263954&#8243; header_2_font_size=&#8220;20px&#8220; header_3_font_size=&#8220;14px&#8220; header_4_font=&#8220;||||||||&#8220; header_4_text_color=&#8220;#000000&#8243; custom_margin=&#8220;||5px|&#8220; animation_direction=&#8220;bottom&#8220; global_colors_info=&#8220;{}&#8220;]<\/p>\n<h1>Hauptsitz und Postanschrift<\/h1>\n<h4><\/h4>\n<h4><\/h4>\n<h4><\/h4>\n<h4>Verein &#8222;Arts et Lumi\u00e8res en Alsace&#8220;<\/h4>\n<p>6 rue Jean-Fr\u00e9d\u00e9ric Oberlin<\/p>\n<p>67000 &#8211; Strasbourg<\/p>\n<p>Frankreich<\/p>\n<p><span style=\"color: #000000;\"><span style=\"font-family: inherit; font-weight: normal;\"><\/span><\/span><\/p>\n<p><span style=\"color: #000000;\"><span style=\"font-family: inherit; font-weight: normal;\"><\/span><\/span><\/p>\n<p><span style=\"color: #000000;\"><span style=\"font-family: inherit; font-weight: normal;\">N\u00b0 SIRET : 391 112 281 00061<\/span><\/span><\/p>\n<p><span style=\"color: #000000;\"><span style=\"font-family: inherit; font-weight: normal;\">Code APE\/NAF : 9002 Z<\/span><\/span><\/p>\n<p>[\/et_pb_text][\/et_pb_column][et_pb_column type=&#8220;1_3&#8243; _builder_version=&#8220;4.16&#8243; _module_preset=&#8220;default&#8220; global_colors_info=&#8220;{}&#8220;][et_pb_text admin_label=&#8220;Title&#8220; _builder_version=&#8220;4.16&#8243; text_font=&#8220;||||||||&#8220; text_text_color=&#8220;#263954&#8243; text_line_height=&#8220;1.2em&#8220; header_font=&#8220;||||||||&#8220; header_2_font=&#8220;Nunito|600|||||||&#8220; header_2_text_align=&#8220;left&#8220; header_2_text_color=&#8220;#263954&#8243; header_2_font_size=&#8220;20px&#8220; header_3_font_size=&#8220;14px&#8220; custom_margin=&#8220;||5px|&#8220; animation_style=&#8220;fold&#8220; animation_direction=&#8220;bottom&#8220; animation_intensity_fold=&#8220;20%&#8220; animation_starting_opacity=&#8220;100%&#8220; global_colors_info=&#8220;{}&#8220;]<\/p>\n<h2>Gabrielle Rosner-Bloch<\/h2>\n<h3>Vorsitzende<a href=\"mailto:direction@voix-romane.com\"><span style=\"color: #263954;\"><\/span><\/a><\/h3>\n<p>[\/et_pb_text][et_pb_text admin_label=&#8220;Title&#8220; _builder_version=&#8220;4.16&#8243; text_font=&#8220;||||||||&#8220; text_text_color=&#8220;#263954&#8243; text_line_height=&#8220;1.2em&#8220; header_font=&#8220;||||||||&#8220; header_2_font=&#8220;Nunito|600|||||||&#8220; header_2_text_align=&#8220;left&#8220; header_2_text_color=&#8220;#263954&#8243; header_2_font_size=&#8220;20px&#8220; header_3_font_size=&#8220;14px&#8220; custom_margin=&#8220;35px||5px||false|false&#8220; animation_style=&#8220;fold&#8220; animation_direction=&#8220;bottom&#8220; animation_intensity_fold=&#8220;20%&#8220; animation_starting_opacity=&#8220;100%&#8220; global_colors_info=&#8220;{}&#8220;]<\/p>\n<h2>Fran\u00e7ois Geissler<\/h2>\n<h3>stellvertretender Vorsitzender<a href=\"mailto:reymann.gestion@voix-romane.com\"><span style=\"color: #263954;\"><\/span><\/a><\/h3>\n<p>[\/et_pb_text][et_pb_text admin_label=&#8220;Title&#8220; _builder_version=&#8220;4.16&#8243; text_font=&#8220;||||||||&#8220; text_text_color=&#8220;#263954&#8243; text_line_height=&#8220;1.2em&#8220; header_font=&#8220;||||||||&#8220; header_2_font=&#8220;Nunito|600|||||||&#8220; header_2_text_align=&#8220;left&#8220; header_2_text_color=&#8220;#263954&#8243; header_2_font_size=&#8220;20px&#8220; header_3_font_size=&#8220;14px&#8220; custom_margin=&#8220;35px||5px||false|false&#8220; animation_style=&#8220;fold&#8220; animation_direction=&#8220;bottom&#8220; animation_intensity_fold=&#8220;20%&#8220; animation_starting_opacity=&#8220;100%&#8220; global_colors_info=&#8220;{}&#8220;]<\/p>\n<h2>Marc Seiwert<\/h2>\n<h3>stellvertretender Vorsitzender<span style=\"color: #263954;\"><a href=\"mailto:chevrier.accueil@voix-romane.com\" style=\"color: #263954;\"><\/a><\/span><\/h3>\n<p>[\/et_pb_text][et_pb_text admin_label=&#8220;Title&#8220; _builder_version=&#8220;4.27.4&#8243; text_font=&#8220;||||||||&#8220; text_text_color=&#8220;#263954&#8243; text_line_height=&#8220;1.2em&#8220; header_font=&#8220;||||||||&#8220; header_2_font=&#8220;Nunito|600|||||||&#8220; header_2_text_align=&#8220;left&#8220; header_2_text_color=&#8220;#263954&#8243; header_2_font_size=&#8220;20px&#8220; header_3_font_size=&#8220;14px&#8220; custom_margin=&#8220;35px||5px||false|false&#8220; animation_style=&#8220;fold&#8220; animation_direction=&#8220;bottom&#8220; animation_intensity_fold=&#8220;20%&#8220; animation_starting_opacity=&#8220;100%&#8220; hover_enabled=&#8220;0&#8243; global_colors_info=&#8220;{}&#8220; sticky_enabled=&#8220;0&#8243;]<\/p>\n<h2>Andr\u00e9e Buchmann<\/h2>\n<h3>Schatzmeisterin<\/h3>\n<p>[\/et_pb_text][et_pb_text admin_label=&#8220;Title&#8220; _builder_version=&#8220;4.23.1&#8243; text_font=&#8220;||||||||&#8220; text_text_color=&#8220;#263954&#8243; text_line_height=&#8220;1.2em&#8220; header_font=&#8220;||||||||&#8220; header_2_font=&#8220;Nunito|600|||||||&#8220; header_2_text_align=&#8220;left&#8220; header_2_text_color=&#8220;#263954&#8243; header_2_font_size=&#8220;20px&#8220; header_3_font_size=&#8220;14px&#8220; custom_margin=&#8220;35px||5px||false|false&#8220; animation_style=&#8220;fold&#8220; animation_direction=&#8220;bottom&#8220; animation_intensity_fold=&#8220;20%&#8220; animation_starting_opacity=&#8220;100%&#8220; global_colors_info=&#8220;{}&#8220;]<\/p>\n<h2>Michel Andreu-Sanchez<\/h2>\n<h3>Schriftf\u00fchrer<\/h3>\n<p>[\/et_pb_text][\/et_pb_column][\/et_pb_row][\/et_pb_section]<\/p>\n","protected":false},"excerpt":{"rendered":"<p>Unser VereinHauptsitz und Postanschrift Verein &#8222;Arts et Lumi\u00e8res en Alsace&#8220; 6 rue Jean-Fr\u00e9d\u00e9ric Oberlin 67000 &#8211; Strasbourg Frankreich N\u00b0 SIRET : 391 112 281 00061 Code APE\/NAF : 9002 ZGabrielle Rosner-Bloch VorsitzendeFran\u00e7ois Geissler stellvertretender VorsitzenderMarc Seiwert stellvertretender VorsitzenderAndr\u00e9e Buchmann SchatzmeisterinMichel Andreu-Sanchez Schriftf\u00fchrer<\/p>\n","protected":false},"author":3,"featured_media":0,"parent":0,"menu_order":0,"comment_status":"closed","ping_status":"closed","template":"","meta":{"_et_pb_use_builder":"on","_et_pb_old_content":"","_et_gb_content_width":"","footnotes":""},"class_list":["post-6475","page","type-page","status-publish","hentry"],"_links":{"self":[{"href":"https:\/\/www.route-romane.com\/de\/wp-json\/wp\/v2\/pages\/6475","targetHints":{"allow":["GET"]}}],"collection":[{"href":"https:\/\/www.route-romane.com\/de\/wp-json\/wp\/v2\/pages"}],"about":[{"href":"https:\/\/www.route-romane.com\/de\/wp-json\/wp\/v2\/types\/page"}],"author":[{"embeddable":true,"href":"https:\/\/www.route-romane.com\/de\/wp-json\/wp\/v2\/users\/3"}],"replies":[{"embeddable":true,"href":"https:\/\/www.route-romane.com\/de\/wp-json\/wp\/v2\/comments?post=6475"}],"version-history":[{"count":6,"href":"https:\/\/www.route-romane.com\/de\/wp-json\/wp\/v2\/pages\/6475\/revisions"}],"predecessor-version":[{"id":6558,"href":"https:\/\/www.route-romane.com\/de\/wp-json\/wp\/v2\/pages\/6475\/revisions\/6558"}],"wp:attachment":[{"href":"https:\/\/www.route-romane.com\/de\/wp-json\/wp\/v2\/media?parent=6475"}],"curies":[{"name":"wp","href":"https:\/\/api.w.org\/{rel}","templated":true}]}}

<p>[et_pb_section fb_built=&#8220;1&#8243; admin_label=&#8220;Hero Section&#8220; _builder_version=&#8220;4.16&#8243; use_background_color_gradient=&#8220;on&#8220; background_color_gradient_stops=&#8220;#000000 0%|rgba(0,0,0,0) 100%&#8220; background_color_gradient_overlays_image=&#8220;on&#8220; background_color_gradient_start=&#8220;#000000&#8243; background_color_gradient_end=&#8220;rgba(0,0,0,0)&#8220; background_image=&#8220;https://www.route-romane.com/Site/wp-content/uploads/2022/04/Ottmarsheim-banniere-scaled.jpg&#8220; custom_margin=&#8220;|||&#8220; custom_padding=&#8220;5%||5%|||&#8220; animation_style=&#8220;fade&#8220; global_colors_info=&#8220;{}&#8220;][et_pb_row _builder_version=&#8220;4.16&#8243; global_colors_info=&#8220;{}&#8220;][et_pb_column type=&#8220;4_4&#8243; _builder_version=&#8220;4.16&#8243; custom_padding=&#8220;|||&#8220; global_colors_info=&#8220;{}&#8220; custom_padding__hover=&#8220;|||&#8220;][et_pb_text _builder_version=&#8220;4.16&#8243; text_font=&#8220;||||||||&#8220; text_font_size=&#8220;20px&#8220; text_line_height=&#8220;1.8em&#8220; header_font=&#8220;Nunito||||||||&#8220; header_font_size=&#8220;70px&#8220; header_line_height=&#8220;1.1em&#8220; header_2_font=&#8220;||||||||&#8220; text_orientation=&#8220;center&#8220; background_layout=&#8220;dark&#8220; module_alignment=&#8220;center&#8220; header_font_size_tablet=&#8220;&#8220; header_font_size_phone=&#8220;48px&#8220; header_font_size_last_edited=&#8220;on|phone&#8220; global_colors_info=&#8220;{}&#8220;]</p>
<h1>Unser Verein</h1>
<p>[/et_pb_text][/et_pb_column][/et_pb_row][/et_pb_section][et_pb_section fb_built=&#8220;1&#8243; module_id=&#8220;Karte&#8220; _builder_version=&#8220;4.16&#8243; _module_preset=&#8220;default&#8220; background_color=&#8220;#f7f7f7&#8243; global_colors_info=&#8220;{}&#8220;][et_pb_row column_structure=&#8220;2_3,1_3&#8243; _builder_version=&#8220;4.16&#8243; _module_preset=&#8220;default&#8220; global_colors_info=&#8220;{}&#8220;][et_pb_column type=&#8220;2_3&#8243; _builder_version=&#8220;4.16&#8243; _module_preset=&#8220;default&#8220; global_colors_info=&#8220;{}&#8220;][et_pb_text admin_label=&#8220;Title&#8220; _builder_version=&#8220;4.16&#8243; text_font=&#8220;||||||||&#8220; text_text_color=&#8220;#000000&#8243; text_line_height=&#8220;1.1em&#8220; header_font=&#8220;||||||||&#8220; header_2_font=&#8220;Nunito|600|||||||&#8220; header_2_text_align=&#8220;left&#8220; header_2_text_color=&#8220;#263954&#8243; header_2_font_size=&#8220;20px&#8220; header_3_font_size=&#8220;14px&#8220; header_4_font=&#8220;||||||||&#8220; header_4_text_color=&#8220;#000000&#8243; custom_margin=&#8220;||5px|&#8220; animation_direction=&#8220;bottom&#8220; global_colors_info=&#8220;{}&#8220;]</p>
<h1>Hauptsitz und Postanschrift</h1>
<h4></h4>
<h4></h4>
<h4></h4>
<h4>Verein &#8222;Arts et Lumières en Alsace&#8220;</h4>
<p>6 rue Jean-Frédéric Oberlin</p>
<p>67000 &#8211; Strasbourg</p>
<p>Frankreich</p>
<p><span style="color: #000000;"><span style="font-family: inherit; font-weight: normal;"></span></span></p>
<p><span style="color: #000000;"><span style="font-family: inherit; font-weight: normal;"></span></span></p>
<p><span style="color: #000000;"><span style="font-family: inherit; font-weight: normal;">N° SIRET : 391 112 281 00061</span></span></p>
<p><span style="color: #000000;"><span style="font-family: inherit; font-weight: normal;">Code APE/NAF : 9002 Z</span></span></p>
<p>[/et_pb_text][/et_pb_column][et_pb_column type=&#8220;1_3&#8243; _builder_version=&#8220;4.16&#8243; _module_preset=&#8220;default&#8220; global_colors_info=&#8220;{}&#8220;][et_pb_text admin_label=&#8220;Title&#8220; _builder_version=&#8220;4.16&#8243; text_font=&#8220;||||||||&#8220; text_text_color=&#8220;#263954&#8243; text_line_height=&#8220;1.2em&#8220; header_font=&#8220;||||||||&#8220; header_2_font=&#8220;Nunito|600|||||||&#8220; header_2_text_align=&#8220;left&#8220; header_2_text_color=&#8220;#263954&#8243; header_2_font_size=&#8220;20px&#8220; header_3_font_size=&#8220;14px&#8220; custom_margin=&#8220;||5px|&#8220; animation_style=&#8220;fold&#8220; animation_direction=&#8220;bottom&#8220; animation_intensity_fold=&#8220;20%&#8220; animation_starting_opacity=&#8220;100%&#8220; global_colors_info=&#8220;{}&#8220;]</p>
<h2>Gabrielle Rosner-Bloch</h2>
<h3>Vorsitzende<a href="mailto:direction@voix-romane.com"><span style="color: #263954;"></span></a></h3>
<p>[/et_pb_text][et_pb_text admin_label=&#8220;Title&#8220; _builder_version=&#8220;4.16&#8243; text_font=&#8220;||||||||&#8220; text_text_color=&#8220;#263954&#8243; text_line_height=&#8220;1.2em&#8220; header_font=&#8220;||||||||&#8220; header_2_font=&#8220;Nunito|600|||||||&#8220; header_2_text_align=&#8220;left&#8220; header_2_text_color=&#8220;#263954&#8243; header_2_font_size=&#8220;20px&#8220; header_3_font_size=&#8220;14px&#8220; custom_margin=&#8220;35px||5px||false|false&#8220; animation_style=&#8220;fold&#8220; animation_direction=&#8220;bottom&#8220; animation_intensity_fold=&#8220;20%&#8220; animation_starting_opacity=&#8220;100%&#8220; global_colors_info=&#8220;{}&#8220;]</p>
<h2>François Geissler</h2>
<h3>stellvertretender Vorsitzender<a href="mailto:reymann.gestion@voix-romane.com"><span style="color: #263954;"></span></a></h3>
<p>[/et_pb_text][et_pb_text admin_label=&#8220;Title&#8220; _builder_version=&#8220;4.16&#8243; text_font=&#8220;||||||||&#8220; text_text_color=&#8220;#263954&#8243; text_line_height=&#8220;1.2em&#8220; header_font=&#8220;||||||||&#8220; header_2_font=&#8220;Nunito|600|||||||&#8220; header_2_text_align=&#8220;left&#8220; header_2_text_color=&#8220;#263954&#8243; header_2_font_size=&#8220;20px&#8220; header_3_font_size=&#8220;14px&#8220; custom_margin=&#8220;35px||5px||false|false&#8220; animation_style=&#8220;fold&#8220; animation_direction=&#8220;bottom&#8220; animation_intensity_fold=&#8220;20%&#8220; animation_starting_opacity=&#8220;100%&#8220; global_colors_info=&#8220;{}&#8220;]</p>
<h2>Marc Seiwert</h2>
<h3>stellvertretender Vorsitzender<span style="color: #263954;"><a href="mailto:chevrier.accueil@voix-romane.com" style="color: #263954;"></a></span></h3>
<p>[/et_pb_text][et_pb_text admin_label=&#8220;Title&#8220; _builder_version=&#8220;4.27.4&#8243; text_font=&#8220;||||||||&#8220; text_text_color=&#8220;#263954&#8243; text_line_height=&#8220;1.2em&#8220; header_font=&#8220;||||||||&#8220; header_2_font=&#8220;Nunito|600|||||||&#8220; header_2_text_align=&#8220;left&#8220; header_2_text_color=&#8220;#263954&#8243; header_2_font_size=&#8220;20px&#8220; header_3_font_size=&#8220;14px&#8220; custom_margin=&#8220;35px||5px||false|false&#8220; animation_style=&#8220;fold&#8220; animation_direction=&#8220;bottom&#8220; animation_intensity_fold=&#8220;20%&#8220; animation_starting_opacity=&#8220;100%&#8220; hover_enabled=&#8220;0&#8243; global_colors_info=&#8220;{}&#8220; sticky_enabled=&#8220;0&#8243;]</p>
<h2>Andrée Buchmann</h2>
<h3>Schatzmeisterin</h3>
<p>[/et_pb_text][et_pb_text admin_label=&#8220;Title&#8220; _builder_version=&#8220;4.23.1&#8243; text_font=&#8220;||||||||&#8220; text_text_color=&#8220;#263954&#8243; text_line_height=&#8220;1.2em&#8220; header_font=&#8220;||||||||&#8220; header_2_font=&#8220;Nunito|600|||||||&#8220; header_2_text_align=&#8220;left&#8220; header_2_text_color=&#8220;#263954&#8243; header_2_font_size=&#8220;20px&#8220; header_3_font_size=&#8220;14px&#8220; custom_margin=&#8220;35px||5px||false|false&#8220; animation_style=&#8220;fold&#8220; animation_direction=&#8220;bottom&#8220; animation_intensity_fold=&#8220;20%&#8220; animation_starting_opacity=&#8220;100%&#8220; global_colors_info=&#8220;{}&#8220;]</p>
<h2>Michel Andreu-Sanchez</h2>
<h3>Schriftführer</h3>
<p>[/et_pb_text][/et_pb_column][/et_pb_row][/et_pb_section]</p>

<p>Unser VereinHauptsitz und Postanschrift Verein &#8222;Arts et Lumières en Alsace&#8220; 6 rue Jean-Frédéric Oberlin 67000 &#8211; Strasbourg Frankreich N° SIRET : 391 112 281 00061 Code APE/NAF : 9002 ZGabrielle Rosner-Bloch VorsitzendeFrançois Geissler stellvertretender VorsitzenderMarc Seiwert stellvertretender VorsitzenderAndrée Buchmann SchatzmeisterinMichel Andreu-Sanchez Schriftführer</p>
